{"id":1451,"date":"2025-09-29T01:08:49","date_gmt":"2025-09-28T23:08:49","guid":{"rendered":"https:\/\/www.landimkerei-schulz.de\/lis_v1\/?page_id=1451"},"modified":"2025-09-29T01:15:31","modified_gmt":"2025-09-28T23:15:31","slug":"mein-bienenparadies","status":"publish","type":"page","link":"https:\/\/www.landimkerei-schulz.de\/lis_v1\/mein-bienenparadies\/","title":{"rendered":"Mein Bienenparadies"},"content":{"rendered":"\t\t<div data-elementor-type=\"wp-page\" data-elementor-id=\"1451\" class=\"elementor elementor-1451\">\n\t\t\t\t\t\t<section class=\"elementor-section elementor-top-section elementor-element elementor-element-e5cc213 elementor-section-boxed elementor-section-height-default elementor-section-height-default e-parent\" data-id=\"e5cc213\" data-element_type=\"section\" data-e-type=\"section\">\n\t\t\t\t\t\t<div class=\"elementor-container elementor-column-gap-default\">\n\t\t\t\t\t<div class=\"elementor-column elementor-col-100 elementor-top-column elementor-element elementor-element-5bba399 lakit-col-width-auto-no\" data-id=\"5bba399\" data-element_type=\"column\" data-e-type=\"column\">\n\t\t\t<div class=\"elementor-widget-wrap elementor-element-populated\">\n\t\t\t\t\t\t<div class=\"elementor-element elementor-element-fd3203a elementor-widget elementor-widget-heading\" data-id=\"fd3203a\" data-element_type=\"widget\" data-e-type=\"widget\" data-widget_type=\"heading.default\">\n\t\t\t\t\t<h2 class=\"elementor-heading-title elementor-size-default\">Mein kleines Bienenparadies<\/h2>\t\t\t\t<\/div>\n\t\t\t\t\t<\/div>\n\t\t<\/div>\n\t\t\t\t\t<\/div>\n\t\t<\/section>\n\t\t\t\t<section class=\"elementor-section elementor-top-section elementor-element elementor-element-53955f9 elementor-section-boxed elementor-section-height-default elementor-section-height-default e-parent\" data-id=\"53955f9\" data-element_type=\"section\" data-e-type=\"section\">\n\t\t\t\t\t\t<div class=\"elementor-container elementor-column-gap-default\">\n\t\t\t\t\t<div class=\"elementor-column elementor-col-100 elementor-top-column elementor-element elementor-element-946ff5c lakit-col-width-auto-no\" data-id=\"946ff5c\" data-element_type=\"column\" data-e-type=\"column\">\n\t\t\t<div class=\"elementor-widget-wrap elementor-element-populated\">\n\t\t\t\t\t\t<section class=\"elementor-section elementor-inner-section elementor-element elementor-element-0c485dd elementor-section-boxed elementor-section-height-default elementor-section-height-default\" data-id=\"0c485dd\" data-element_type=\"section\" data-e-type=\"section\">\n\t\t\t\t\t\t<div class=\"elementor-container elementor-column-gap-default\">\n\t\t\t\t\t<div class=\"elementor-column elementor-col-50 elementor-inner-column elementor-element elementor-element-fdcf830 lakit-col-width-auto-no\" data-id=\"fdcf830\" data-element_type=\"column\" data-e-type=\"column\">\n\t\t\t<div class=\"elementor-widget-wrap elementor-element-populated\">\n\t\t\t\t\t\t<div class=\"elementor-element elementor-element-ac9361b elementor-widget elementor-widget-image\" data-id=\"ac9361b\" data-element_type=\"widget\" data-e-type=\"widget\" data-widget_type=\"image.default\">\n\t\t\t\t\t\t\t\t\t\t\t\t<figure class=\"wp-caption\">\n\t\t\t\t\t\t\t\t\t\t<img fetchpriority=\"high\" decoding=\"async\" width=\"800\" height=\"600\" src=\"https:\/\/www.landimkerei-schulz.de\/lis_v1\/wp-content\/uploads\/2025\/09\/BiePAPhac2022.jpg\" class=\"attachment-large size-large wp-image-1454\" alt=\"\" srcset=\"https:\/\/www.landimkerei-schulz.de\/lis_v1\/wp-content\/uploads\/2025\/09\/BiePAPhac2022.jpg 800w, https:\/\/www.landimkerei-schulz.de\/lis_v1\/wp-content\/uploads\/2025\/09\/BiePAPhac2022-300x225.jpg 300w, https:\/\/www.landimkerei-schulz.de\/lis_v1\/wp-content\/uploads\/2025\/09\/BiePAPhac2022-768x576.jpg 768w, https:\/\/www.landimkerei-schulz.de\/lis_v1\/wp-content\/uploads\/2025\/09\/BiePAPhac2022-320x240.jpg 320w, https:\/\/www.landimkerei-schulz.de\/lis_v1\/wp-content\/uploads\/2025\/09\/BiePAPhac2022-640x480.jpg 640w, https:\/\/www.landimkerei-schulz.de\/lis_v1\/wp-content\/uploads\/2025\/09\/BiePAPhac2022-504x378.jpg 504w\" sizes=\"(max-width: 800px) 100vw, 800px\" title=\"\" \/>\t\t\t\t\t\t\t\t\t\t\t<figcaption class=\"widget-image-caption wp-caption-text\">Phaceliafeld mit bl\u00fchender Robinie 2022<\/figcaption>\n\t\t\t\t\t\t\t\t\t\t<\/figure>\n\t\t\t\t\t\t\t\t\t<\/div>\n\t\t\t\t\t<\/div>\n\t\t<\/div>\n\t\t\t\t<div class=\"elementor-column elementor-col-50 elementor-inner-column elementor-element elementor-element-50e033c lakit-col-width-auto-no\" data-id=\"50e033c\" data-element_type=\"column\" data-e-type=\"column\">\n\t\t\t<div class=\"elementor-widget-wrap elementor-element-populated\">\n\t\t\t\t\t\t<div class=\"elementor-element elementor-element-98d2053 elementor-widget elementor-widget-text-editor\" data-id=\"98d2053\" data-element_type=\"widget\" data-e-type=\"widget\" data-widget_type=\"text-editor.default\">\n\t\t\t\t\t\t\t\t\t<p>Hier m\u00f6chte ich Dir mein kleines Bienenparadies vorstellen.<\/p><p><em><strong>Warum Bienenparadies?<\/strong><\/em><\/p><p>Ganz einfach! Ich habe hier einen Standort, der vom Fr\u00fchjahr bis in den Sp\u00e4therbst hinein den Bienen genug Tracht, also Pollen und Nektar bietet. Und das freut auch mich auch als Imker. Nun m\u00f6chte ich mein Bienenparadies mal etwas genauer beschreiben, damit Du siehst, das meine Bienen hier wirklich fast paradiesische Zust\u00e4nde haben.<\/p>\t\t\t\t\t\t\t\t<\/div>\n\t\t\t\t\t<\/div>\n\t\t<\/div>\n\t\t\t\t\t<\/div>\n\t\t<\/section>\n\t\t\t\t\t<\/div>\n\t\t<\/div>\n\t\t\t\t\t<\/div>\n\t\t<\/section>\n\t\t\t\t<section class=\"elementor-section elementor-top-section elementor-element elementor-element-c49d793 elementor-section-boxed elementor-section-height-default elementor-section-height-default e-parent\" data-id=\"c49d793\" data-element_type=\"section\" data-e-type=\"section\">\n\t\t\t\t\t\t<div class=\"elementor-container elementor-column-gap-default\">\n\t\t\t\t\t<div class=\"elementor-column elementor-col-100 elementor-top-column elementor-element elementor-element-b3ec156 lakit-col-width-auto-no\" data-id=\"b3ec156\" data-element_type=\"column\" data-e-type=\"column\">\n\t\t\t<div class=\"elementor-widget-wrap elementor-element-populated\">\n\t\t\t\t\t\t<section class=\"elementor-section elementor-inner-section elementor-element elementor-element-170847d elementor-section-boxed elementor-section-height-default elementor-section-height-default\" data-id=\"170847d\" data-element_type=\"section\" data-e-type=\"section\">\n\t\t\t\t\t\t<div class=\"elementor-container elementor-column-gap-default\">\n\t\t\t\t\t<div class=\"elementor-column elementor-col-50 elementor-inner-column elementor-element elementor-element-296984e lakit-col-width-auto-no\" data-id=\"296984e\" data-element_type=\"column\" data-e-type=\"column\">\n\t\t\t<div class=\"elementor-widget-wrap elementor-element-populated\">\n\t\t\t\t\t\t<div class=\"elementor-element elementor-element-78966f7 elementor-widget elementor-widget-text-editor\" data-id=\"78966f7\" data-element_type=\"widget\" data-e-type=\"widget\" data-widget_type=\"text-editor.default\">\n\t\t\t\t\t\t\t\t\t<p>Wie man bei dem obigen Bild sehen kann, ist da ein Feld mit Phacelia und bl\u00fchenden Robinien im Hintergrund. Das ist aber kein reines Phaceliafeld , sondern eigentlich eine Bl\u00fchmischung, die bis in den Herbst hinein bl\u00fcht. Aber der Vorteil ist, das die Phacelia \u00fcberwiegend bl\u00fcht und alle anderen Pflanzen bl\u00fchen erst sp\u00e4ter.<\/p><p>Das Feld ist keine 15 Meter von meinem Bienenstand entfernt und es gibt hinter dem Baumstreifen mit den bl\u00fchenden Robinien im Hintergrund noch einmal ein gro\u00dfes Feld mit gleicher Bl\u00fchmischung.<\/p>\t\t\t\t\t\t\t\t<\/div>\n\t\t\t\t\t<\/div>\n\t\t<\/div>\n\t\t\t\t<div class=\"elementor-column elementor-col-50 elementor-inner-column elementor-element elementor-element-da759f0 lakit-col-width-auto-no\" data-id=\"da759f0\" data-element_type=\"column\" data-e-type=\"column\">\n\t\t\t<div class=\"elementor-widget-wrap elementor-element-populated\">\n\t\t\t\t\t\t<div class=\"elementor-element elementor-element-4b085f2 elementor-widget elementor-widget-image\" data-id=\"4b085f2\" data-element_type=\"widget\" data-e-type=\"widget\" data-widget_type=\"image.default\">\n\t\t\t\t\t\t\t\t\t\t\t\t<figure class=\"wp-caption\">\n\t\t\t\t\t\t\t\t\t\t<img decoding=\"async\" width=\"800\" height=\"600\" src=\"https:\/\/www.landimkerei-schulz.de\/lis_v1\/wp-content\/uploads\/2025\/09\/BiePaBluehM2022.jpg\" class=\"attachment-large size-large wp-image-1455\" alt=\"\" srcset=\"https:\/\/www.landimkerei-schulz.de\/lis_v1\/wp-content\/uploads\/2025\/09\/BiePaBluehM2022.jpg 800w, https:\/\/www.landimkerei-schulz.de\/lis_v1\/wp-content\/uploads\/2025\/09\/BiePaBluehM2022-300x225.jpg 300w, https:\/\/www.landimkerei-schulz.de\/lis_v1\/wp-content\/uploads\/2025\/09\/BiePaBluehM2022-768x576.jpg 768w, https:\/\/www.landimkerei-schulz.de\/lis_v1\/wp-content\/uploads\/2025\/09\/BiePaBluehM2022-320x240.jpg 320w, https:\/\/www.landimkerei-schulz.de\/lis_v1\/wp-content\/uploads\/2025\/09\/BiePaBluehM2022-640x480.jpg 640w, https:\/\/www.landimkerei-schulz.de\/lis_v1\/wp-content\/uploads\/2025\/09\/BiePaBluehM2022-504x378.jpg 504w\" sizes=\"(max-width: 800px) 100vw, 800px\" title=\"\" \/>\t\t\t\t\t\t\t\t\t\t\t<figcaption class=\"widget-image-caption wp-caption-text\">Das gleiche Feld etwas sp\u00e4ter im Sommer  2022<\/figcaption>\n\t\t\t\t\t\t\t\t\t\t<\/figure>\n\t\t\t\t\t\t\t\t\t<\/div>\n\t\t\t\t\t<\/div>\n\t\t<\/div>\n\t\t\t\t\t<\/div>\n\t\t<\/section>\n\t\t\t\t\t<\/div>\n\t\t<\/div>\n\t\t\t\t\t<\/div>\n\t\t<\/section>\n\t\t\t\t<section class=\"elementor-section elementor-top-section elementor-element elementor-element-b6986bb elementor-section-boxed elementor-section-height-default elementor-section-height-default e-parent\" data-id=\"b6986bb\" data-element_type=\"section\" data-e-type=\"section\">\n\t\t\t\t\t\t<div class=\"elementor-container elementor-column-gap-default\">\n\t\t\t\t\t<div class=\"elementor-column elementor-col-100 elementor-top-column elementor-element elementor-element-fdb6b4e lakit-col-width-auto-no\" data-id=\"fdb6b4e\" data-element_type=\"column\" data-e-type=\"column\">\n\t\t\t<div class=\"elementor-widget-wrap elementor-element-populated\">\n\t\t\t\t\t\t<div class=\"elementor-element elementor-element-c26582a elementor-widget elementor-widget-text-editor\" data-id=\"c26582a\" data-element_type=\"widget\" data-e-type=\"widget\" data-widget_type=\"text-editor.default\">\n\t\t\t\t\t\t\t\t\t<p><strong>Welche Tracht habe ich?<\/strong><\/p><p>Im Fr\u00fchjahr habe ich hier einige Weiden und zwei Kleingartenanlagen in unmittelbarer N\u00e4he sowie das Dorf Lohsa mit vielen gro\u00dfen G\u00e4rten. Zum Teil gibt es auch Obstbaumalleen an Stra\u00dfen in Flugreichweite der Bienen. Aber auch Krokusse, Schneegl\u00f6ckchen etc. gibt es im Fr\u00fchjahr hier reichlich.<\/p><p>Es gibt auch einige pr\u00e4chtige Kastanien im Ort und es ist immer lustig anzusehen, wenn die Bienchen voll eingepudert von dem Pollenstaub der Kastanie an ihrem Zuhause ankommen.<\/p><p>Des Weiteren gibt es hier reichlich Robinien und Linden. Dies ist meine Haupttracht.<\/p><p>Wie oben schon erw\u00e4hnt, habe ich in unmittelbarer N\u00e4he 2 gro\u00dfe Felder mit Bl\u00fchmischung und hier haupts\u00e4chlich Phacelia, sp\u00e4ter dann Goldrute und andere Bl\u00fcher. Der Vorteil ist, das die Phacelia fast allein bl\u00fcht und sp\u00e4ter erst die anderen Pflanzen in der Bl\u00fchmischung. So k\u00f6nnte man rein theoretisch fast reinen Phaceliahonig ernten. Hier m\u00f6chte ich mich aber noch einmal mit der Agrargenossenschaft reden, ob es die M\u00f6glichkeit gibt, reine Phaceliafelder anzulegen.<\/p><p>Dann gibt es hier noch die Waldtracht und zu guter letzt auch die Heide. Wobei die Heide sehr bienenintensiv ist und man hier aufpassen muss, das die Bienenv\u00f6lker nicht zu schwach in den Winter gehen. Ich kenne hier Imker im Dorf, die durch die Heide auch schon V\u00f6lker nicht \u00fcber den Winter bekommen haben, da diese zu schwach waren.<\/p><p>Ich habe hier sozusagen ein Trachtangebot durchg\u00e4ngig von der Weide bis zur Heide.<\/p><p>Dadurch, das es hier auch genug Seen und Teiche gibt, ergeben sich auch hier Trachtm\u00f6glichkeiten, da es auch an den Ufern genug bl\u00fcht.<\/p><p><strong>Was \u00e4rgert mich trotzdem?<\/strong><\/p><p>Einen Wermutstropfen gibt es aber trotzdem. Es gibt den einen oder anderen Imker, welcher sich trotz vieler Bienenv\u00f6lker im Ort und in der n\u00e4heren Umgebung mit seinem PKW-Bienenwagen mitten im Dorf auf einem Grundst\u00fcck hinstellt, obwohl ihm bekannt sein muss, dass schon ausreichend Bienenv\u00f6lker im Dorf und der n\u00e4heren Umgebung vorhanden sind. Dabei g\u00e4be es im weiteren Umkreis noch genug M\u00f6glichkeiten, die Lindentracht zu nutzen.<\/p><p>Dies ist unfair den ortsans\u00e4ssigen Imkern und man muss sich ja nicht gegenseitig die Tracht *rauben*, vor allem, wenn es im weiteren Umkreis noch genug M\u00f6glichkeiten gibt, eine Lindentracht zu nutzen.<\/p>\t\t\t\t\t\t\t\t<\/div>\n\t\t\t\t\t<\/div>\n\t\t<\/div>\n\t\t\t\t\t<\/div>\n\t\t<\/section>\n\t\t\t\t<\/div>\n\t\t","protected":false},"excerpt":{"rendered":"<p>Mein kleines Bienenparadies Phaceliafeld mit bl\u00fchender Robinie 2022 Hier m\u00f6chte ich Dir mein kleines Bienenparadies vorstellen. Warum Bienenparadies? Ganz einfach! Ich habe hier einen Standort, der vom Fr\u00fchjahr bis in den Sp\u00e4therbst hinein den Bienen genug Tracht, also Pollen und Nektar bietet. Und das freut auch mich auch als Imker. Nun m\u00f6chte ich mein Bienenparadies<\/p>\n","protected":false},"author":1,"featured_media":0,"parent":0,"menu_order":0,"comment_status":"closed","ping_status":"closed","template":"","meta":{"_rtcl_gb_attr":"","ocean_post_layout":"","ocean_both_sidebars_style":"","ocean_both_sidebars_content_width":0,"ocean_both_sidebars_sidebars_width":0,"ocean_sidebar":"0","ocean_second_sidebar":"0","ocean_disable_margins":"enable","ocean_add_body_class":"","ocean_shortcode_before_top_bar":"","ocean_shortcode_after_top_bar":"","ocean_shortcode_before_header":"","ocean_shortcode_after_header":"","ocean_has_shortcode":"","ocean_shortcode_after_title":"","ocean_shortcode_before_footer_widgets":"","ocean_shortcode_after_footer_widgets":"","ocean_shortcode_before_footer_bottom":"","ocean_shortcode_after_footer_bottom":"","ocean_display_top_bar":"default","ocean_display_header":"default","ocean_header_style":"","ocean_center_header_left_menu":"0","ocean_custom_header_template":"0","ocean_custom_logo":0,"ocean_custom_retina_logo":0,"ocean_custom_logo_max_width":0,"ocean_custom_logo_tablet_max_width":0,"ocean_custom_logo_mobile_max_width":0,"ocean_custom_logo_max_height":0,"ocean_custom_logo_tablet_max_height":0,"ocean_custom_logo_mobile_max_height":0,"ocean_header_custom_menu":"0","ocean_menu_typo_font_family":"0","ocean_menu_typo_font_subset":"","ocean_menu_typo_font_size":0,"ocean_menu_typo_font_size_tablet":0,"ocean_menu_typo_font_size_mobile":0,"ocean_menu_typo_font_size_unit":"px","ocean_menu_typo_font_weight":"","ocean_menu_typo_font_weight_tablet":"","ocean_menu_typo_font_weight_mobile":"","ocean_menu_typo_transform":"","ocean_menu_typo_transform_tablet":"","ocean_menu_typo_transform_mobile":"","ocean_menu_typo_line_height":0,"ocean_menu_typo_line_height_tablet":0,"ocean_menu_typo_line_height_mobile":0,"ocean_menu_typo_line_height_unit":"","ocean_menu_typo_spacing":0,"ocean_menu_typo_spacing_tablet":0,"ocean_menu_typo_spacing_mobile":0,"ocean_menu_typo_spacing_unit":"","ocean_menu_link_color":"","ocean_menu_link_color_hover":"","ocean_menu_link_color_active":"","ocean_menu_link_background":"","ocean_menu_link_hover_background":"","ocean_menu_link_active_background":"","ocean_menu_social_links_bg":"","ocean_menu_social_hover_links_bg":"","ocean_menu_social_links_color":"","ocean_menu_social_hover_links_color":"","ocean_disable_title":"default","ocean_disable_heading":"default","ocean_post_title":"","ocean_post_subheading":"","ocean_post_title_style":"","ocean_post_title_background_color":"","ocean_post_title_background":0,"ocean_post_title_bg_image_position":"","ocean_post_title_bg_image_attachment":"","ocean_post_title_bg_image_repeat":"","ocean_post_title_bg_image_size":"","ocean_post_title_height":0,"ocean_post_title_bg_overlay":0.5,"ocean_post_title_bg_overlay_color":"","ocean_disable_breadcrumbs":"default","ocean_breadcrumbs_color":"","ocean_breadcrumbs_separator_color":"","ocean_breadcrumbs_links_color":"","ocean_breadcrumbs_links_hover_color":"","ocean_display_footer_widgets":"default","ocean_display_footer_bottom":"default","ocean_custom_footer_template":"0","omw_enable_modal_window":"enable","footnotes":""},"class_list":["post-1451","page","type-page","status-publish","hentry","entry"],"_links":{"self":[{"href":"https:\/\/www.landimkerei-schulz.de\/lis_v1\/wp-json\/wp\/v2\/pages\/1451","targetHints":{"allow":["GET"]}}],"collection":[{"href":"https:\/\/www.landimkerei-schulz.de\/lis_v1\/wp-json\/wp\/v2\/pages"}],"about":[{"href":"https:\/\/www.landimkerei-schulz.de\/lis_v1\/wp-json\/wp\/v2\/types\/page"}],"author":[{"embeddable":true,"href":"https:\/\/www.landimkerei-schulz.de\/lis_v1\/wp-json\/wp\/v2\/users\/1"}],"replies":[{"embeddable":true,"href":"https:\/\/www.landimkerei-schulz.de\/lis_v1\/wp-json\/wp\/v2\/comments?post=1451"}],"version-history":[{"count":4,"href":"https:\/\/www.landimkerei-schulz.de\/lis_v1\/wp-json\/wp\/v2\/pages\/1451\/revisions"}],"predecessor-version":[{"id":1458,"href":"https:\/\/www.landimkerei-schulz.de\/lis_v1\/wp-json\/wp\/v2\/pages\/1451\/revisions\/1458"}],"wp:attachment":[{"href":"https:\/\/www.landimkerei-schulz.de\/lis_v1\/wp-json\/wp\/v2\/media?parent=1451"}],"curies":[{"name":"wp","href":"https:\/\/api.w.org\/{rel}","templated":true}]}}