{"id":1447,"date":"2025-09-29T01:06:49","date_gmt":"2025-09-28T23:06:49","guid":{"rendered":"https:\/\/www.landimkerei-schulz.de\/lis_v1\/?page_id=1447"},"modified":"2025-10-19T19:20:50","modified_gmt":"2025-10-19T17:20:50","slug":"kontaktformular","status":"publish","type":"page","link":"https:\/\/www.landimkerei-schulz.de\/lis_v1\/kontaktformular\/","title":{"rendered":"Kontaktformular"},"content":{"rendered":"<p>Hier kannst Du mit mir in Kontakt treten.<\/p>\n<p>Bitte f\u00fclle das Kontaktformular so genau wie m\u00f6glich aus, damit ich Deine Anfrage so schnell wie m\u00f6glich bearbeiten kann.<\/p>\n<p>Nach Erhalt Deiner Anfrage setze ich mich mit Dir umgehend in Kontakt.<\/p>\n<p><span style=\"color: #ff0000;\"><span class=\"m4j_required\">*<\/span>Diese Felder werden mindestens ben\u00f6tigt um Deine Angaben verarbeiten zu k\u00f6nnen.<\/span><\/p>\n<div class=\"forminator-ui forminator-custom-form forminator-custom-form-1864 forminator-design--default  forminator_ajax\" data-forminator-render=\"0\" data-form=\"forminator-module-1864\" data-uid=\"69de2aef88988\"><br\/><\/div><form\n\t\t\t\tid=\"forminator-module-1864\"\n\t\t\t\tclass=\"forminator-ui forminator-custom-form forminator-custom-form-1864 forminator-design--default  forminator_ajax\"\n\t\t\t\tmethod=\"post\"\n\t\t\t\tdata-forminator-render=\"0\"\n\t\t\t\tdata-form-id=\"1864\"\n\t\t\t\t data-color-option=\"theme\" data-design=\"default\" data-grid=\"open\" style=\"display: none;\"\n\t\t\t\tdata-uid=\"69de2aef88988\"\n\t\t\t><div role=\"alert\" aria-live=\"polite\" class=\"forminator-response-message forminator-error\" aria-hidden=\"true\"><\/div><div class=\"forminator-row\"><div id=\"name-1\" class=\"forminator-field-name forminator-col forminator-col-6 \"><div class=\"forminator-field\"><label for=\"forminator-field-name-1_69de2aef88988\" id=\"forminator-field-name-1_69de2aef88988-label\" class=\"forminator-label\">Vorname <span class=\"forminator-required\">*<\/span><\/label><input type=\"text\" name=\"name-1\" value=\"\" placeholder=\"\" id=\"forminator-field-name-1_69de2aef88988\" class=\"forminator-input forminator-name--field\" aria-required=\"true\" autocomplete=\"name\" \/><\/div><\/div><div id=\"name-2\" class=\"forminator-field-name forminator-col forminator-col-6 \"><div class=\"forminator-field\"><label for=\"forminator-field-name-2_69de2aef88988\" id=\"forminator-field-name-2_69de2aef88988-label\" class=\"forminator-label\">Name <span class=\"forminator-required\">*<\/span><\/label><input type=\"text\" name=\"name-2\" value=\"\" placeholder=\"\" id=\"forminator-field-name-2_69de2aef88988\" class=\"forminator-input forminator-name--field\" aria-required=\"true\" autocomplete=\"name\" \/><\/div><\/div><\/div><div class=\"forminator-row\"><div id=\"email-1\" class=\"forminator-field-email forminator-col forminator-col-12 \"><div class=\"forminator-field\"><label for=\"forminator-field-email-1_69de2aef88988\" id=\"forminator-field-email-1_69de2aef88988-label\" class=\"forminator-label\">E-Mail-Adresse <span class=\"forminator-required\">*<\/span><\/label><input type=\"email\" name=\"email-1\" value=\"\" placeholder=\"\" id=\"forminator-field-email-1_69de2aef88988\" class=\"forminator-input forminator-email--field\" data-required=\"true\" aria-required=\"true\" autocomplete=\"email\" \/><\/div><\/div><\/div><div class=\"forminator-row\"><div id=\"phone-1\" class=\"forminator-field-phone forminator-col forminator-col-12 \"><div class=\"forminator-field\"><label for=\"forminator-field-phone-1_69de2aef88988\" id=\"forminator-field-phone-1_69de2aef88988-label\" class=\"forminator-label\">Telefonnummer<\/label><input type=\"text\" name=\"phone-1\" value=\"\" placeholder=\"\" id=\"forminator-field-phone-1_69de2aef88988\" class=\"forminator-input forminator-field--phone\" data-required=\"\" aria-required=\"false\" autocomplete=\"off\" \/><\/div><\/div><\/div><div class=\"forminator-row\"><div id=\"text-1\" class=\"forminator-field-text forminator-col forminator-col-12 \"><div class=\"forminator-field\"><label for=\"forminator-field-text-1_69de2aef88988\" id=\"forminator-field-text-1_69de2aef88988-label\" class=\"forminator-label\">Dein Betreff <span class=\"forminator-required\">*<\/span><\/label><span id=\"forminator-field-text-1_69de2aef88988-description\" class=\"forminator-description\"><span data-limit=\"300\" data-type=\"characters\">0 \/ 300<\/span><\/span><input type=\"text\" name=\"text-1\" value=\"\" placeholder=\"\" id=\"forminator-field-text-1_69de2aef88988\" class=\"forminator-input forminator-name--field\" data-required=\"1\" maxlength=\"300\" \/><\/div><\/div><\/div><div class=\"forminator-row\"><div id=\"textarea-1\" class=\"forminator-field-textarea forminator-col forminator-col-12 \"><div class=\"forminator-field\"><label for=\"forminator-field-textarea-1_69de2aef88988\" id=\"forminator-field-textarea-1_69de2aef88988-label\" class=\"forminator-label\">Deine Nachricht <span class=\"forminator-required\">*<\/span><\/label><span id=\"forminator-wp-editor-forminator-field-textarea-1_69de2aef88988-description\" class=\"forminator-description\"><span data-limit=\"5000\" data-type=\"characters\" data-editor=\"1\">0 \/ 5000<\/span><\/span><div id=\"wp-forminator-wp-editor-forminator-field-textarea-1_69de2aef88988-wrap\" class=\"wp-core-ui wp-editor-wrap tmce-active\"><link rel='stylesheet' id='dashicons-css' href='https:\/\/www.landimkerei-schulz.de\/lis_v1\/wp-includes\/css\/dashicons.min.css?ver=d2e81cbb509a9934bb21f05cdbcb8cd8' media='all' \/>\n<link rel='stylesheet' id='editor-buttons-css' href='https:\/\/www.landimkerei-schulz.de\/lis_v1\/wp-includes\/css\/editor.min.css?ver=d2e81cbb509a9934bb21f05cdbcb8cd8' media='all' \/>\n<div id=\"wp-forminator-wp-editor-forminator-field-textarea-1_69de2aef88988-editor-tools\" class=\"wp-editor-tools hide-if-no-js\"><div class=\"wp-editor-tabs\"><button type=\"button\" id=\"forminator-wp-editor-forminator-field-textarea-1_69de2aef88988-tmce\" aria-pressed=\"true\" class=\"wp-switch-editor switch-tmce\" data-wp-editor-id=\"forminator-wp-editor-forminator-field-textarea-1_69de2aef88988\">Visuell<\/button>\n<button type=\"button\" id=\"forminator-wp-editor-forminator-field-textarea-1_69de2aef88988-html\" class=\"wp-switch-editor switch-html\" data-wp-editor-id=\"forminator-wp-editor-forminator-field-textarea-1_69de2aef88988\">Code<\/button>\n<\/div>\n<\/div>\n<div id=\"wp-forminator-wp-editor-forminator-field-textarea-1_69de2aef88988-editor-container\" class=\"wp-editor-container\"><div id=\"qt_forminator-wp-editor-forminator-field-textarea-1_69de2aef88988_toolbar\" class=\"quicktags-toolbar hide-if-no-js\"><\/div><textarea class=\"forminator-textarea do-validate forminator-wp-editor-required wp-editor-area\" style=\"height: 140px\" autocomplete=\"off\" cols=\"40\" name=\"textarea-1\" id=\"forminator-wp-editor-forminator-field-textarea-1_69de2aef88988\"><\/textarea><\/div>\n<\/div>\n\n<\/div><\/div><\/div><div class=\"forminator-row\"><div id=\"checkbox-1\" class=\"forminator-field-checkbox forminator-col forminator-col-12 \"><div role=\"group\" class=\"forminator-field required\" aria-labelledby=\"forminator-checkbox-group-forminator-field-checkbox-1-69de2aef88988-label\"><span id=\"forminator-checkbox-group-forminator-field-checkbox-1-69de2aef88988-label\" class=\"forminator-label\">Einwilligung zur Datennutzung <span class=\"forminator-required\">*<\/span><\/span><label id=\"forminator-field-checkbox-1-1-69de2aef88988-label\" for=\"forminator-field-checkbox-1-1-69de2aef88988\" class=\"forminator-checkbox\" title=\"Hiermit willige ich ein, das meine im Kontaktformular angegeben Daten nur zur Bearbeitung meiner Anfrage genutzt werden d\u00fcrfen. Nach der Bearbeitung meines Anliegens werden die Daten umgehend vom Webseitenbetreiber gel\u00f6scht.\"><input type=\"checkbox\" name=\"checkbox-1[]\" value=\"one\" id=\"forminator-field-checkbox-1-1-69de2aef88988\" aria-labelledby=\"forminator-field-checkbox-1-1-69de2aef88988-label\" data-calculation=\"0\"   data-hidden-behavior=\"zero\"\/><span class=\"forminator-checkbox-box\" aria-hidden=\"true\"><\/span><span class=\"forminator-checkbox-label\">Hiermit willige ich ein, das meine im Kontaktformular angegeben Daten nur zur Bearbeitung meiner Anfrage genutzt werden d\u00fcrfen. Nach der Bearbeitung meines Anliegens werden die Daten umgehend vom Webseitenbetreiber gel\u00f6scht.<\/span><\/label><\/div><\/div><\/div><div class=\"forminator-row\"><div id=\"html-1\" class=\"forminator-field-html forminator-col forminator-col-12 \"><div class=\"forminator-field forminator-merge-tags\" data-field=\"html-1\"><p><strong> Hinweis zum Datenschutz:<\/strong> Die abgesendeten Daten werden nur zum Zweck der Bearbeitung Deines Anliegens verarbeitet. Nach erfolgreicher Bearbeitung Deines Anliegens werden die im Kontaktformular angegebenen Daten sofort gel\u00f6scht. Eine weitere Nutzung oder Weitergabe Deiner Daten finden nicht statt. Weitere Informationen findest Du in unserer <a rel=\"noopener\" target=\"_blank\" href=\"https:\/\/www.landimkerei-schulz.de\/lis_v1\/datenschutzerklaerung-2\/\">Datenschutzerkl\u00e4rung<\/a>.<\/p><\/div><\/div><\/div><input type=\"hidden\" name=\"referer_url\" value=\"\" \/><div class=\"forminator-row forminator-row-last\"><div class=\"forminator-col\"><div class=\"forminator-field\"><button class=\"forminator-button forminator-button-submit\">Absenden<\/button><\/div><\/div><\/div><input type=\"hidden\" id=\"forminator_nonce\" name=\"forminator_nonce\" value=\"c9ca3ab299\" \/><input type=\"hidden\" name=\"_wp_http_referer\" value=\"\/lis_v1\/wp-json\/wp\/v2\/pages\/1447\" \/><input type=\"hidden\" name=\"form_id\" value=\"1864\"><input type=\"hidden\" name=\"page_id\" value=\"1447\"><input type=\"hidden\" name=\"form_type\" value=\"default\"><input type=\"hidden\" name=\"current_url\" value=\"https:\/\/www.landimkerei-schulz.de\/lis_v1\/kontaktformular\/\"><input type=\"hidden\" name=\"render_id\" value=\"0\"><input type=\"hidden\" name=\"action\" value=\"forminator_submit_form_custom-forms\"><\/form>\n","protected":false},"excerpt":{"rendered":"<p>Hier kannst Du mit mir in Kontakt treten. Bitte f\u00fclle das Kontaktformular so genau wie m\u00f6glich aus, damit ich Deine Anfrage so schnell wie m\u00f6glich bearbeiten kann. Nach Erhalt Deiner Anfrage setze ich mich mit Dir umgehend in Kontakt. *Diese Felder werden mindestens ben\u00f6tigt um Deine Angaben verarbeiten zu k\u00f6nnen.<\/p>\n","protected":false},"author":1,"featured_media":0,"parent":0,"menu_order":0,"comment_status":"closed","ping_status":"closed","template":"","meta":{"_rtcl_gb_attr":"","ocean_post_layout":"","ocean_both_sidebars_style":"","ocean_both_sidebars_content_width":0,"ocean_both_sidebars_sidebars_width":0,"ocean_sidebar":"0","ocean_second_sidebar":"0","ocean_disable_margins":"enable","ocean_add_body_class":"","ocean_shortcode_before_top_bar":"","ocean_shortcode_after_top_bar":"","ocean_shortcode_before_header":"","ocean_shortcode_after_header":"","ocean_has_shortcode":"","ocean_shortcode_after_title":"","ocean_shortcode_before_footer_widgets":"","ocean_shortcode_after_footer_widgets":"","ocean_shortcode_before_footer_bottom":"","ocean_shortcode_after_footer_bottom":"","ocean_display_top_bar":"default","ocean_display_header":"default","ocean_header_style":"","ocean_center_header_left_menu":"0","ocean_custom_header_template":"0","ocean_custom_logo":0,"ocean_custom_retina_logo":0,"ocean_custom_logo_max_width":0,"ocean_custom_logo_tablet_max_width":0,"ocean_custom_logo_mobile_max_width":0,"ocean_custom_logo_max_height":0,"ocean_custom_logo_tablet_max_height":0,"ocean_custom_logo_mobile_max_height":0,"ocean_header_custom_menu":"0","ocean_menu_typo_font_family":"0","ocean_menu_typo_font_subset":"","ocean_menu_typo_font_size":0,"ocean_menu_typo_font_size_tablet":0,"ocean_menu_typo_font_size_mobile":0,"ocean_menu_typo_font_size_unit":"px","ocean_menu_typo_font_weight":"","ocean_menu_typo_font_weight_tablet":"","ocean_menu_typo_font_weight_mobile":"","ocean_menu_typo_transform":"","ocean_menu_typo_transform_tablet":"","ocean_menu_typo_transform_mobile":"","ocean_menu_typo_line_height":0,"ocean_menu_typo_line_height_tablet":0,"ocean_menu_typo_line_height_mobile":0,"ocean_menu_typo_line_height_unit":"","ocean_menu_typo_spacing":0,"ocean_menu_typo_spacing_tablet":0,"ocean_menu_typo_spacing_mobile":0,"ocean_menu_typo_spacing_unit":"","ocean_menu_link_color":"","ocean_menu_link_color_hover":"","ocean_menu_link_color_active":"","ocean_menu_link_background":"","ocean_menu_link_hover_background":"","ocean_menu_link_active_background":"","ocean_menu_social_links_bg":"","ocean_menu_social_hover_links_bg":"","ocean_menu_social_links_color":"","ocean_menu_social_hover_links_color":"","ocean_disable_title":"default","ocean_disable_heading":"default","ocean_post_title":"","ocean_post_subheading":"","ocean_post_title_style":"","ocean_post_title_background_color":"","ocean_post_title_background":0,"ocean_post_title_bg_image_position":"","ocean_post_title_bg_image_attachment":"","ocean_post_title_bg_image_repeat":"","ocean_post_title_bg_image_size":"","ocean_post_title_height":0,"ocean_post_title_bg_overlay":0.5,"ocean_post_title_bg_overlay_color":"","ocean_disable_breadcrumbs":"default","ocean_breadcrumbs_color":"","ocean_breadcrumbs_separator_color":"","ocean_breadcrumbs_links_color":"","ocean_breadcrumbs_links_hover_color":"","ocean_display_footer_widgets":"default","ocean_display_footer_bottom":"default","ocean_custom_footer_template":"0","omw_enable_modal_window":"enable","footnotes":""},"class_list":["post-1447","page","type-page","status-publish","hentry","entry"],"_links":{"self":[{"href":"https:\/\/www.landimkerei-schulz.de\/lis_v1\/wp-json\/wp\/v2\/pages\/1447","targetHints":{"allow":["GET"]}}],"collection":[{"href":"https:\/\/www.landimkerei-schulz.de\/lis_v1\/wp-json\/wp\/v2\/pages"}],"about":[{"href":"https:\/\/www.landimkerei-schulz.de\/lis_v1\/wp-json\/wp\/v2\/types\/page"}],"author":[{"embeddable":true,"href":"https:\/\/www.landimkerei-schulz.de\/lis_v1\/wp-json\/wp\/v2\/users\/1"}],"replies":[{"embeddable":true,"href":"https:\/\/www.landimkerei-schulz.de\/lis_v1\/wp-json\/wp\/v2\/comments?post=1447"}],"version-history":[{"count":2,"href":"https:\/\/www.landimkerei-schulz.de\/lis_v1\/wp-json\/wp\/v2\/pages\/1447\/revisions"}],"predecessor-version":[{"id":1865,"href":"https:\/\/www.landimkerei-schulz.de\/lis_v1\/wp-json\/wp\/v2\/pages\/1447\/revisions\/1865"}],"wp:attachment":[{"href":"https:\/\/www.landimkerei-schulz.de\/lis_v1\/wp-json\/wp\/v2\/media?parent=1447"}],"curies":[{"name":"wp","href":"https:\/\/api.w.org\/{rel}","templated":true}]}}